51. Calculate s(14).
1
Let g(c) = 3318*c - 112671. Calculate g(34).
141
Let i(g) = -g**3 + 20*g**2 - 173*g + 1880. Calculate i(16).
136
Let b(r) = -r**3 + 49*r**2 + 81*r + 1288. What is b(51)?
217
Let w(n) = 350*n + 9111. Give w(-27).
-339
Let y(k) = -251*k - 28466. What is y(-124)?
2658
Let n(s) = -2*s**2 + 85374*s + 256161. Give n(-3).
21
Let j(g) = -g**3 - 66*g**2 - 86*g + 556. What is j(-63)?
-5933
Let v(k) = k**3 + 34*k**2 - 3199*k + 1. Give v(42).
-293
Let g(m) = -2*m**2 - 768*m - 6002. What is g(-8)?
14
Let d(x) = x**2 - 2179*x + 55981. What is d(26)?
3
Let t(m) = -2*m**3 + 34*m**2 - 48*m - 29. Determine t(2).
-5
Let i(k) = -118*k + 36977. Determine i(313).
43
Let a(t) = 4*t**2 + 69*t - 1213. Calculate a(-28).
-9
Let f(i) = 566*i + 21127. Determine f(-37).
185
Let n(b) = 1341*b + 95302. Calculate n(-71).
91
Let t(d) = -328*d**2 + 68225*d - 212. Give t(208).
-4
Let g(x) = -x**2 - 1962*x + 13787. Give g(7).
4
Let u(i) = 9*i**3 - 39*i**2 - 404*i + 1121. What is u(8)?
1
Let j(u) = -9*u**2 + 221*u + 197. Determine j(27).
-397
Let m(q) = -q**3 - 57*q**2 + 1931*q - 9645. Determine m(-82).
113
Let i(d) = 560*d**2 - 154000*d + 36. What is i(275)?
36
Let y(m) = 4939*m - 997726. Determine y(202).
-48
Let m(f) = -115381*f - 230757. Determine m(-2).
5
Let q(r) = 5*r**2 - 7189*r - 1. Give q(0).
-1
Let f(c) = 3*c**2 - 141*c + 101. What is f(52)?
881
Let b(k) = 10996*k + 670831. Calculate b(-61).
75
Let y(n) = -2*n**3 - 158*n**2 + 636*n + 25269. Calculate y(-81).
-3
Let g(y) = 8*y**3 - 1017*y**2 + 129*y - 248. Give g(127).
6
Let g(d) = -286364*d - 1431817. Give g(-5).
3
Let k(r) = 723*r + 9359. Calculate k(-13).
-40
Let z(t) = 12*t**2 + 344*t - 2031. Calculate z(5).
-11
Let v(l) = 3*l**2 + 603*l - 5951. Give v(9).
-281
Let h(m) = -m**3 + 624*m**2 + 423939*m - 392. Determine h(-410).
18
Let v(d) = d**3 - 154*d**2 + 1456*d - 2299. What is v(144)?
5
Let o(c) = -52966*c + 4872874. Give o(92).
2
Let c(o) = -13633*o - 817876. Calculate c(-60).
104
Let y(u) = u**3 - 61*u**2 - 551*u - 14. Determine y(69).
55
Let f(b) = 4*b**2 - 1114*b - 24992. Determine f(-21).
166
Let i(t) = -9439*t - 254798. Determine i(-27).
55
Let n(g) = 1010*g + 99050. Determine n(-98).
70
Let j(k) = -k**3 - 68*k**2 - 435*k - 3888. Determine j(-62).
18
Let n(g) = 9294*g + 715665. What is n(-77)?
27
Let w(s) = 98550*s + 1281156. Give w(-13).
6
Let z(a) = -2*a**2 + 10588*a + 201904. What is z(-19)?
10
Let h(p) = -308*p + 48. What is h(0)?
48
Let n(r) = r**3 - 178*r**2 + 1527*r - 206922. Give n(176).
-122
Let b(i) = 3344*i + 23658. What is b(-7)?
250
Let j(h) = -109*h**3 - 980*h**2 - 185*h - 1825. Give j(-9).
-79
Let h(z) = 1195*z - 29898. Give h(25).
-23
Let n(h) = -3*h**2 + 103*h - 1067. Calculate n(12).
-263
Let s(z) = 2*z**3 + 11*z**2 + 2096*z + 12739. Determine s(-6).
127
Let c(y) = -2*y**2 + 752*y - 27927. Determine c(42).
129
Let h(a) = 11391*a - 4419720. Give h(388).
-12
Let d(r) = -2246*r + 9354. Give d(4).
370
Let n(t) = 4720*t + 4568. Calculate n(-1).
-152
Let n(z) = -3*z**2 - 3630*z - 60827. Give n(-17).
16
Let k(g) = -105*g**2 - 5976*g + 6618. Determine k(-58).
6
Let c(j) = 6*j**3 + 2257*j**2 + 341*j - 13162. Calculate c(-376).
-2
Let y(l) = -l**2 - 37711*l - 188540. Calculate y(-5).
-10
Let b(r) = -233*r**2 + 329237*r - 11297. Give b(1413).
7
Let u(k) = 87*k**3 - k**2 + 26*k + 51. Determine u(-2).
-701
Let a(f) = -1534*f**3 - 142*f**2 - 2*f - 2. Determine a(-1).
1392
Let i(n) = n**2 + 39*n - 20347. Calculate i(-165).
443
Let j(r) = 250*r**2 + 150513*r + 7828. Determine j(-602).
2
Let c(t) = t**3 - t**2 + 162*t - 620. Determine c(4).
76
Let a(k) = -949*k + 15969. Determine a(19).
-2062
Let n(m) = m**3 + 158*m**2 + 207*m - 188406. Give n(-148).
-2
Let u(o) = -13308*o - 66536. Calculate u(-5).
4
Let s(t) = -16338*t - 114446. Determine s(-7).
-80
Let w(f) = -22063*f - 66195. What is w(-3)?
-6
Let h(r) = r**2 + 151*r - 20420. What is h(86)?
-38
Let a(n) = -7300*n - 356916. What is a(-49)?
784
Let l(j) = 8234*j - 642536. Give l(78).
-284
Let w(x) = 7*x**3 + 110*x**2 + 209*x + 648. Determine w(-14).
74
Let g(y) = y**2 + 741*y - 96503. Determine g(113).
-1
Let b(g) = -343*g**2 - 56937*g + 163. Determine b(-166).
-3
Let f(b) = -1066*b**2 + 2136*b - 13. What is f(2)?
-5
Let c(o) = -3562*o - 338348. What is c(-95)?
42
Let m(s) = -3*s**2 + 605*s + 10586. What is m(218)?
-96
Let u(c) = -18*c**2 - 2529*c + 1265. What is u(-141)?
-4
Let x(s) = -2*s**3 - 115*s**2 - 41*s + 913. Determine x(-57).
1
Let t(c) = -45*c**3 + 2122*c**2 - 326*c - 151. Calculate t(47).
-10
Let t(u) = 4*u**2 + 1826*u + 31065. What is t(-17)?
1179
Let r(t) = 729*t + 120298. Calculate r(-165).
13
Let o(m) = 26906*m - 44. Give o(0).
-44
Let f(g) = -7064*g - 52376. Determine f(-8).
4136
Let j(l) = 3*l**3 + 5*l**2 - 44*l + 15. Determine j(3).
9
Let s(f) = 1471*f - 66167. What is s(45)?
28
Let q(k) = 419*k**2 - 6305*k + 296. Give q(15).
-4
Let k(h) = -4*h**3 + 52*h**2 + 739*h - 9646. Determine k(13).
-39
Let x(a) = 2*a**3 - 57*a**2 + 352*a - 5797. Determine x(26).
-25
Let a(r) = 3*r**2 + 2370*r - 118018. Give a(47).
-1
Let y(q) = -q**3 + 18*q**2 - 25*q - 4. Calculate y(19).
-840
Let q(u) = -13*u**2 + 123*u + 101. Determine q(12).
-295
Let c(v) = v**3 - 236*v**2 + 208*v + 6297. Calculate c(235).
-48
Let x(j) = -163901*j + 655611. Give x(4).
7
Let h(f) = 6*f**2 - 636*f - 1243. Calculate h(108).
53
Let r(c) = c**2 + 750*c - 4550. Give r(6).
-14
Let x(f) = -3*f**2 - 1628*f + 19963. Determine x(12).
-5
Let r(y) = 2511*y + 183275. What is r(-73)?
-28
Let g(j) = 5*j**2 - 39*j - 423. What is g(-6)?
-9
Let c(k) = -29331*k - 1202687. What is c(-41)?
-116
Let q(a) = -3*a**3 + 11832*a**2 + 11782*a - 51. What is q(-1)?
2
Let s(l) = -9*l**3 - 1043*l**2 + 139*l + 1779. Give s(-116).
-889
Let l(s) = s**2 - 376*s + 3245. Calculate l(9).
-58
Let x(i) = 571*i**2 + 75373*i + 107. What is x(-132)?
-25
Let h(c) = -62663*c - 2067886. Calculate h(-33).
-7
Let a(f) = -6*f**2 - 150*f - 580. Calculate a(-4).
-76
Let x(n) = -105*n + 12404. Calculate x(120).
-196
Let n(s) = -28*s**2 + 3108*s - 4. Calculate n(111).
-4
Let x(f) = -7418*f + 2388589. Calculate x(322).
-7
Let j(b) = b**2 - 25*b - 9408. What is j(110)?
-58
Let j(a) = -9*a**3 + 22*a**2 - 63*a + 19. Give j(4).
-457
Let i(m) = -18*m**2 + 539*m + 538. Determine i(32).
-646
Let y(g) = 80091*g + 3123443. Give y(-39).
-106
Let n(q) = -2*q**3 - 219*q**2 + 1087*q - 8. Determine n(5).
-298
Let p(i) = -i**3 + 15*i**2 - 60*i - 18. Calculate p(9).
-72
Let v(m) = -61*m**3 + 1403*m**2 + 2*m - 24. Calculate v(23).
22
Let r(f) = 377299*f + 5659479. Calculate r(-15).
-6
Let x(b) = -b**2 + 1298*b - 75448. Determine x(61).
9
Let b(r) = 3666*r + 3786982. What is b(-1033)?
4
Let n(v) = 8314*v - 257714. Calculate n(31).
20
Let d(r) = 8*r**3 - 23*r**2 - 5*r + 6. Determine d(-2).
-140
Let y(u) = -u**2 + 185457*u + 741843. Calculate y(-4).
-1
Let y(u) = 17*u - 135. Determine y(2).
-101
Let g(u) = -u**3 + 41*u**2 - 341*u + 4641. What is g(36)?
-1155
Let s(q) = -q**3 + 85*q**2 - 41*q - 3684. What is s(84)?
-72
Let m(d) = -171*d**3 - 5*d**2 - 73*d - 141. Calculate m(-2).
1353
Let o(k) = 92*k + 6816. Give o(-74).
8
Let w(c) = c**3 + 159*c**2 + 2381*c + 1357. Give w(-16).
-131
Let d(o) = 2361*o**2 - 118047*o - 132. Determine d(50).
18
Let d(z) = -1310600*z + 3931799. Determine d(3).
-1
Let k(t) = 15*t**2 + 3*t - 285. Give k(8).
699
Let k(y) = -547*y**2 + 143*y - 95. Calculate k(1).
-499
Let r(x) = -267*x**2 + 216*x + 952. What is r(-4)?
-4184
Let y(b) = b**3 - 25*b**2 + 127*b - 570. Calculate y(20).
-30
Let s(v) = 4*v**2 - 2110*v - 31432. Calculate s(542).
4
Let j(w) = -3*w**2 + 44*w - 269. What is j(5)?
-124
Let h(o) = o**2 - 278*o + 15615. Give h(183).
-1770
Let f(c) = 934145*c - 15880464. Calculate f(17).
1
Let y(u) = -u**2 + 23011*u + 391476. What is y(-17)?
0
Let w(a) = -21*a + 58. Calculate w(7).
-89
Let h(c) = -227*c**2 - 438*c + 757. What is h(-3)?
28
Let i(r) = r**3 - 49*r**2 + 409*r + 344. What is i(38)?
2
Let l(q) = 630*q - 162528. Give l(258).
12
Let k(y) = -525632*y + 1576875. What is k(3)?
-21
Let p(y) = 4320*y - 38940. Determine p(9).
-60
Let n(r) = 4*r**3 - 239*r**2 - 55*r - 364. What is n(60)?
-64
Let j(v) = v**3 - 55*v**2 - 236*v + 6951. Calculate j(57).
-3
Let i(u) = -3*u**2 - 96*u + 3807. Give i(-58)